0010
In base 13, what is a57 - -120bc?
12b46
In base 7, what is 203 + 36305?
36511
In base 8, what is -120320 - 1073?
-121413
In base 11, what is 11216 - -586?
117a1
In base 14, what is -1942d2 - -1d?
-1942b3
In base 6, what is -3 + 3013100344?
3013100341
In base 3, what is -1021 + -1122001012102?
-1122001020200
In base 9, what is 32235433 - -12?
32235445
In base 7, what is 4 + -22605626?
-22605622
In base 7, what is 4 - -32234566?
32234603
In base 16, what is 1431045 + -3?
1431042
In base 16, what is -52493b - -3?
-524938
In base 16, what is -430 + -b2f?
-f5f
In base 10, what is 15073746 + 5?
15073751
In base 16, what is -4fc + -a7f6?
-acf2
In base 8, what is 11742 + 5750?
17712
In base 2, what is 11101000001011111011110 + 10?
11101000001011111100000
In base 13, what is -675891 - -2b?
-675863
In base 2, what is 10 + 10001110111110111100011000?
10001110111110111100011010
In base 16, what is b + -64fcc69?
-64fcc5e
In base 4, what is -11013 - 113322?
-131001
In base 16, what is -14035 - d2?
-14107
In base 15, what is 1159547 - 7?
1159540
In base 13, what is -452 - 4296?
-4718
In base 10, what is -62227715 + -1?
-62227716
In base 8, what is -24370 + -205?
-24575
In base 4, what is -203101302021 + 11?
-203101302010
In base 8, what is -10734 + -155?
-11111
In base 14, what is -5253cd01 + 4?
-5253ccdb
In base 7, what is 4536313 + -1?
4536312
In base 11, what is 22580 + -8173?
15408
In base 8, what is 273 - -354154?
354447
In base 11, what is 3218 + 34a2a?
38147
In base 8, what is 25747327 - -47?
25747376
In base 10, what is 3914 - 315642?
-311728
In base 14, what is c7 - 89572?
-89489
In base 11, what is -46 - -233690?
233645
In base 15, what is -1b8 - -674ed?
67335
In base 13, what is 22 + c6cb7?
c7009
In base 12, what is -10 + -41b5200?
-41b5210
In base 7, what is 14 + -24332210?
-24332163
In base 3, what is -2 + 201202212021010?
201202212021001
In base 9, what is -74278 - -303?
-73875
In base 6, what is 1113404 - -125?
1113533
In base 9, what is 410 - -48861?
50371
In base 13, what is 17a9872 + -1?
17a9871
In base 14, what is 1555 - -13a16?
1516b
In base 12, what is -55 + -88808?
-88861
In base 9, what is -1220 + -1431?
-2651
In base 14, what is 3 - -d5338?
d533b
In base 15, what is 17200 - -45?
17245
In base 11, what is 2474 - -4a46?
740a
In base 9, what is 47311 + -3242?
44058
In base 10, what is 4941 - 1249?
3692
In base 15, what is 87 + -2602b?
-25e94
In base 4, what is -13200130 - 12101?
-13212231
In base 5, what is -211043300 - 332?
-211044132
In base 14, what is 1 + -9ca353b?
-9ca353a
In base 15, what is 2 + 84c6362?
84c6364
In base 4, what is 100322212 + 30113?
101012331
In base 12, what is -a8534b - 19?
-a85368
In base 14, what is -1339d33 - -5?
-1339d2c
In base 14, what is -47a397 + 4?
-47a393
In base 13, what is -2098b9c1 - -1?
-2098b9c0
In base 14, what is 4 + -469794?
-469790
In base 10, what is 18671 + -163?
18508
In base 5, what is 204140341021 - -2?
204140341023
In base 2, what is 111100011111011110 + -101?
111100011111011001
In base 7, what is -10564434 + -22?
-10564456
In base 3, what is -112102102120001 + -12?
-112102102120020
In base 7, what is 65 - -36460245?
36460343
In base 15, what is 5d3be + -17?
5d3a7
In base 9, what is -7 - 110558410?
-110558417
In base 14, what is -6 - 6d98b1b?
-6d98b23
In base 11, what is 1455a + -1504?
13056
In base 7, what is 42666540 - 3?
42666534
In base 8, what is 6152 + 1072?
7244
In base 8, what is -72030462 - 16?
-72030500
In base 4, what is 22320 + 12220022?
12303002
In base 16, what is 43bd4a + 7?
43bd51
In base 15, what is -18a4060 + -18?
-18a4078
In base 3, what is -200221012111 - -1100?
-200221011011
In base 7, what is 4 + -14442423?
-14442416
In base 16, what is b05ded - -72?
b05e5f
In base 11, what is 1316167a8 + -5?
1316167a3
In base 13, what is 160a + 570b?
7018
In base 4, what is -3031300 - 330000?
-10021300
In base 16, what is 11353 - -8d?
113e0
In base 5, what is -120000 - 10010?
-130010
In base 5, what is 214330 - 440?
213340
In base 6, what is -22025522554 + 2?
-22025522552
In base 14, what is -4 - 2567537?
-256753b
In base 2, what is 11 + 100000100111110000010?
100000100111110000101
In base 8, what is -2403 - 153510?
-156113
In base 8, what is 1437600553 - -5?
1437600560
In base 11, what is 42a08a + 0?
42a08a
In base 6, what is -1 - 131234534?
-131234535
In base 12, what is -4 - 1038099?
-10380a1
In base 15, what is -2 + -732416?
-732418
In base 6, what is 341 + 2043320?
2044101
In base 12, what is 1a1131 - 11?
1a1120
In base 4, what is 20 - -110333313?
110333333
In base 5, what is 1242044113 + 4?
1242044122
In base 13, what is -6052 - 35?
-6087
In base 15, what is 4a1becc - -5?
4a1bed2
In base 5, what is 42002244 + -4?
42002240
In base 11, what is 6 - 330a44?
-330a39
In base 11, what is -16328a - -4?
-163286
In base 14, what is a1354b + 3?
a13550
In base 9, what is -6414 + -2022?
-8436
In base 12, what is -589a7 - -6a?
-58939
In base 11, what is -7a105691 - 7?
-7a105698
In base 4, what is -310110131002 + 100?
-310110130302
In base 5, what is -2322332344 - -2?
-2322332342
In base 13, what is 1b58352 + -2?
1b58350
In base 6, what is -30532 - -4130?
-22402
In base 7, what is 4023334514 + -2?
4023334512
In base 11, what is -1016aa95 - -68?
-1016aa28
In base 14, what is -5a - 565d7?
-56653
In base 10, what is -215219 + 11?
-215208
In base 15, what is 18b75 + -66d?
18507
In base 11, what is 9 + 39a1385?
39a1393
In base 6, what is -43 + -2055405110?
-2055405153
In base 12, what is -1 - 40581955?
-40581956
In base 8, what is 56 - -3465144?
3465222
In base 15, what is 173 + -2c26?
-2aa3
In base 8, what is -1172 + 6477?
5305
In base 4, what is -3000231213 - -13110?
-3000212103
In base 14, what is -3a868b + 66?
-3a8625
In base 2, what is 1110010111 + 1100110101000101110?
1100110110111000101
In base 11, what is 3992861 + -1?
3992860
In base 9, what is -22333 + 1088?
-21234
In base 13, what is 534 + 1a17?
224b
In base 9, what is -7 + -3314411?
-3314418
In base 9, what is 85385 + 20026?
115422
In base 7, what is 33 - -3645156?
3645222
In base 16, what is -1d5fe21 - -5?
-1d5fe1c
In base 3, what is 2121 + 22122111201?
22122121022
In base 8, what is 47 + 614400?
614447
In base 2, what is 101110110001001110 + 1100?
101110110001011010
In base 12, what is -6716114 + 10?
-6716104
In base 11, what is -5 + 12aa941?
12aa937
In base 6, what is -2 - 55532330?
-55532332
In base 11, what is 74600a5 - -5?
74600aa
In base 9, what is 227 + -213748?
-213521
In base 7, what is 4601 + -1165054?
-1160153
In base 15, what is c111 - -16db?
d7ec
In base 2, what is 111111001 - -11001001001000?
11010001000001
In base 7, what is 3006 + -260?
2416
In base 16, what is -33e + 9f1c?
9bde
In base 12, what is 10088 - a7a1?
14a7
In base 2, what is -10 - -1100010110001011000010?
1100010110001011000000
In base 13, what is -65570 + 0?
-65570
In base 6, what is -3 - 13250154502?
-13250154505
In base 12, what is 12 - 1466a72?
-1466a60
In base 10, what is -416971 + 1?
-416970
In base 10, what is 2008100 - -7?
2008107
In base 10, what is -108 + 624582?
624474
In base 5, what is 3001 - 10443433?
-10440432
In base 10, what is 3355435 - 1?
3355434
In base 6, what is -123443 + 31032?
-52411
In base 11, what is -1028356 - 0?
-1028356
In base 9, what is -244176 - -40?
-244136
In base 9, what is 57615518 + 0?
57615518
In base 12, what is 96 + 1a508a6?
1a50980
In base 14, what is 45c064 - -43?
45c0a7
In base 9, what is 3 - -748152817?
748152821
In base 8, what is 141210 + 256?
141466
In base 9, what is 1436 - 1133?
303
In base 7, what is -1362011 - -200?
-1361511
In base 13, what is -661 - c?
-670
In base 15, what is b39 + -12ee2?
-123a8
In base 3, what is 1112220220120220 - -220?
1112220220121210
In base 13, what is 58a9b5 + 15?
58a9ca
In base 7, what is -14634033 - 1?
-14634034
In base 5, what is -34 - 21333123440?
-21333124024
In base 9, what is -6016 - 265782?
-272808
In base 11, what is 7324a5 - 0?
7324a5
In base 3, what is -20 + 22100200001?
22100122211
In base 7, what is 653060 - 633?
652124
In base 6, what is -1325220 + 423?
-1324353
In base 3, what is -200 - 112211112222022?
-112211112222222
In base 5, what is 3 + 440442442?
440443000
In base 14, what is -1cc74 - 165?
-1cdd9
In base 11, what is -10503 - 286?
-10789
In base 14